*h + 198*h = -16590. What is the units digit of h?
9
Let t be 12*(-4)/(-12) + 2822. Suppose 13*v = 4*v + t. What is the tens digit of v?
1
Let q(w) = -w**2 - 22*w + 19. Let v = 74 - 70. Suppose -4*g - 88 = v*z, 2*z - 2*g = -5*g - 44. What is the tens digit of q(z)?
1
Let t(w) = -4*w**2 - 7*w + 1. Let c be t(-3). Let k be ((-48)/c)/(8/28). What is the tens digit of (6860/(-12))/(-5) - (-8)/k?
1
Let v(c) = 161*c**2 - c + 7. Let f = -207 + 209. What is the tens digit of v(f)?
4
What is the units digit of (-3630)/(-1155)*56/1?
6
Let b(c) = -1073*c**3 + 3*c**2 + 2*c + 2. Let s be b(-1). Let a = -548 + s. What is the tens digit of a?
2
Let y(r) = -2*r**3 - 2*r**2 - r - 1. Let j be y(-2). Let b = j + -63. Let m = -16 - b. What is the units digit of m?
8
Let a(o) = 117*o**2 - 2*o + 13. Let b = -506 + 503. What is the tens digit of a(b)?
7
Let x = -766 - -763. What is the hundreds digit of 9 + x + 160 + -7?
1
Let m be (-12)/1*3/(-9). Suppose -m*t + 313 = -1083. What is the units digit of t?
9
Suppose -7*o + 15 = -2*o. Suppose -3*j + o + 6 = 0. What is the tens digit of ((-1)/3)/(j/(-9)) + 91?
9
What is the hundreds digit of (120/75*(-51460)/24)/(4/(-24))?
5
Let b(i) = i**3 + i**2 - 1. Let a(p) = -5*p**3 + 2*p**2 + 11*p + 13. Let n(w) = -a(w) - 3*b(w). Let z = 805 - 799. What is the units digit of n(z)?
6
Let h(r) = 20*r - 55. Let u = -67 - -85. What is the hundreds digit of h(u)?
3
Suppose -2086 = -2*f - 5*h, -2*f + 1340 = -h - 734. Let v = -598 + f. What is the hundreds digit of v?
4
Suppose -201*t = -249*t + 28128. What is the hundreds digit of t?
5
Suppose 50014 = 5*i - 4*o - 9801, 47848 = 4*i - 4*o. What is the tens digit of i?
6
Let n(a) = -22*a - 42. Let b(f) = -8*f - 110. Let l be b(-13). What is the units digit of n(l)?
0
Let a = 184 - 184. What is the units digit of a + (-19)/(95/(-30)) + 848?
4
Suppose -7*h - 54 = -4*l, h - 4*l + 6 = 2*h. What is the units digit of ((-2558)/h)/((-98)/(-294))?
9
Let t(z) = -z**3 + 6*z**2 + 8*z - 4. Let f be t(7). Suppose 2*i + f*v = 286, -4*v + 726 = 5*i - 2*v. What is the hundreds digit of i?
1
What is the hundreds digit of 3/5 + 4/(-20)*-9377 + -10?
8
Let q(x) = 31*x**2 + 359*x + 420. What is the thousands digit of q(-38)?
1
Let t be -5*((-8)/20 + 0) - 466. Let x be 1 + 10/(-12) - t/96. Let z(h) = h**3 + 5*h - 6. What is the units digit of z(x)?
4
Suppose -38*c + 42272 = -30*c. What is the thousands digit of c?
5
Suppose 9*j - 29 - 61 = 0. What is the tens digit of (-12325)/j*16/(-20)?
8
Let g = 5525 - 404. What is the units digit of g?
1
Let f be (2 - 6/4)*(16 + -8). Suppose -758 = -6*u + f*u. What is the tens digit of u?
7
Let l be (524 + 2)*(2 - 6)/4. Let n = -305 - l. What is the tens digit of n?
2
Suppose 4 = -4*g, -3*g - 23 = -0*x - 4*x. Suppose x*y + 3 + 2 = 0. What is the units digit of 2 - (-1 + -1 - y)?
3
Let w(k) = k**3 + 41*k**2 - 90*k + 6. Let n be w(-37). Suppose n = 31*o - 8672. What is the hundreds digit of o?
5
Suppose -2*n + 103672 = 4*z, -21*n - 51806 = -22*n + 3*z. What is the units digit of n?
4
Suppose 76924 = 4*c - 4*d, 0 = -4*c + 48*d - 52*d + 76868. What is the ten thousands digit of c?
1
Suppose 17*t - 69656 - 273998 = 448393. What is the hundreds digit of t?
5
What is the units digit of (-51)/17 + 24751 + 0?
8
What is the tens digit of (24618 - (2 - 3)) + 91/13?
2
Suppose -2*d = d + v - 14, v = 2. Suppose 5*r + 6 = -3*g + 4*r, 0 = -d*g - 2*r - 6. What is the tens digit of (-218)/(-6) - -2 - 2/g?
3
Suppose 351*y = 344*y + 40873. What is the hundreds digit of y?
8
Let a be (-1 + (-3)/9)/((-2)/4383). Suppose -t - 2*t + 9 = 0, -3*h - t = -a. Suppose 5*x - 3*n - 930 = 288, 4*x - h = n. What is the units digit of x?
3
Let p be 4/42 + 1159/1281. What is the hundreds digit of 743 + (-3 - 1) + 4 + p?
7
Let z = -827 - -831. Suppose -12*g + 10*g + 2*b + 1548 = 0, -z*g + 3072 = 2*b. What is the tens digit of g?
7
Let z be (21/((-693)/88))/(2/(-3)). What is the units digit of (-3)/3 + (z - -84)?
7
Let l(h) = 27*h + 52. Let n be l(-21). Let r = 235 + n. Let y = 470 + r. What is the units digit of y?
0
Suppose 0 = -5*g - h + 2603, -g + 279 = 4*h - 234. Suppose 0 = -7*w + 2125 + g. What is the hundreds digit of w?
3
Suppose -25541 - 16105 = -6*i. What is the hundreds digit of i?
9
Suppose -3*v + 3*u = -6*v, 28 = 4*v - 3*u. Let i be (v/7)/((-9)/(-7) + -1). Suppose -q - 262 = -5*d, q + 3*q = i*d - 112. What is the tens digit of d?
5
Let v be 38/171 - (-2038)/(-18). Let z = -35 - v. Let j = -36 + z. What is the units digit of j?
2
Let g be (-5)/((-9)/(-12)*3/(-270)). Suppose 4*d + g - 1876 = 0. What is the tens digit of d?
1
Let b = -3311 + 5463. Suppose 3*j + m = -3*m + b, 0 = j + 2*m - 718. What is the hundreds digit of j?
7
Let z(n) = 6*n**2 - n + 7. Let l be z(6). Suppose 0 = -5*k + 3*q + 7, 59*q = -k + 57*q + 4. Suppose k*r = 9*r - l. What is the units digit of r?
1
What is the hundreds digit of (32/12 + -4)/((-94)/652689)?
2
Let h(y) be the second derivative of y**5/20 - 5*y**4/4 - 3*y**3 + 97*y**2/2 - 49*y. What is the tens digit of h(18)?
4
Suppose -3*s + 410 = -8*s. Let f = 370 + s. What is the tens digit of f?
8
Let m = 66 - 46. Let u be (-2)/m + (-103908)/(-280). Let c = u + -155. What is the hundreds digit of c?
2
Suppose -463 = -13*f + 12*f. Suppose 3*u = -3, -k - u = 3*k - f. What is the tens digit of k?
1
Let k(m) = 159*m - 38. Let s(l) = -161*l + 37. Let c(o) = -3*k(o) - 2*s(o). What is the tens digit of c(-3)?
0
Let k(h) = -h**3 + 21*h**2 - 59*h - 2. Let f = -214 - -229. What is the tens digit of k(f)?
6
Let l = 164 - 224. Suppose -2*z - m - 3 = 0, -5*m - 17 + 2 = -4*z. What is the units digit of 4 - (z + 1 + l)?
3
Let g = 16950 + -2647. What is the tens digit of g?
0
Suppose 3 = 3*z - 5*p + 2*p, 2 = 4*z - 3*p. Let r(q) = -1697*q + 75. What is the thousands digit of r(z)?
1
Let n(i) = 6*i + 94. Let q be n(-15). Suppose -564 = -2*h - q*h. What is the units digit of h?
4
Suppose -2*p + 179 = y, -2*y + 450 = 5*p + y. Let l(i) = -i**2 + 7*i - 11. Let u be l(8). Let z = p + u. What is the tens digit of z?
6
Suppose 3*q = l + 4287, 0 = 3*q - 6*l - 3357 - 915. What is the tens digit of q?
3
Suppose 3964 = 7*d - 2959. Let n be ((-34)/8 - -4) + d/4. Suppose 22 = -5*x + n. What is the tens digit of x?
4
Let s be (1*35)/(-14 - -15). Suppose -s*y - 246 = -41*y. What is the tens digit of y?
4
What is the hundreds digit of ((-8)/(-6))/((-84)/(-300006))?
7
Let d = 318 - 315. Let v(j) = 167*j + 20. What is the hundreds digit of v(d)?
5
Suppose i - 170*f + 175*f = 7392, 4*i - 5*f - 29493 = 0. What is the tens digit of i?
7
Let v(x) = -x + 2. Let q be v(2). Let m = 1190 + -1174. Suppose 20*p - m*p - 420 = q. What is the hundreds digit of p?
1
Let f = 16730 - -5680. What is the ten thousands digit of f?
2
Suppose -5*w - 2*l = -113391, 6*l + 68071 = 3*w + 2*l. What is the ten thousands digit of w?
2
Suppose h = 2 - 0. Suppose 3*w - 22 = -3*n + 26, 0 = h*w - 6. Suppose 0 = 10*t - n*t + 45. What is the units digit of t?
5
Let j be (17 + -16)*(-1 + 1 + 3). Suppose 0*x = 2*x + 3*w - 1507, -j*w = -2*x + 1513. What is the tens digit of x?
5
Let k = 436 + -437. What is the units digit of (k*(-1)/(-1))/((-2)/1082)?
1
Suppose -9*i = -6*i - 12. Suppose 8*f - i*f = 5*h + 18, 4*h + 12 = 2*f. Suppose -f*j + 52 = -18. What is the units digit of j?
5
Let v(f) = -5*f - 75. Let y be v(-12). What is the units digit of (68/1)/((-6)/y)?
0
Suppose -3*i - 194951 = -5*n, 6*n - 38971 = 5*n + 7*i. What is the hundreds digit of n?
9
Let f be (-8 - 22)*(-3 - 14/(-6)). Suppose 0 = 5*s + 16*b - f*b - 2078, 2075 = 5*s - 5*b. What is the hundreds digit of s?
4
Let v(l) = 546*l - 3915. What is the tens digit of v(40)?
2
Suppose -6*h + h - 357 = 2*z, 4*z - 5*h = -639. Let w = z + 439. Suppose w = 4*s - 3*a, 0 = 4*s + 5*a - 163 - 86. What is the units digit of s?
6
Suppose -44*q + 58007 = 4*l - 39*q, -5*l + 72525 = 3*q. What is the hundreds digit of l?
5
Let n = 46 - 47. Let x be (n - 0)*(9 + -15). Suppose 0 = x*u + 83 - 323. What is the units digit of u?
0
Suppose -15*r = -12*r + 8490. What is the tens digit of r/(-2) - (19 - 27)?
2
Let j be 199981/217 - (-6)/14. Suppose 0*n = -3*l + n + j, 1211 = 4*l - 5*n. What is the hundreds digit of l?
3
Let g = 8770 + -5894. What is the hundreds digit of g?
8
Let i(h) = -7*h + 102. Let n be 